hest common divisor of 1573 and 127179?
13
What is the greatest common factor of 51266407 and 17?
17
What is the greatest common divisor of 109 and 800619497?
109
What is the greatest common divisor of 41726772 and 5508?
1836
Calculate the greatest common divisor of 4053674 and 4402.
142
What is the greatest common factor of 9954576 and 660?
12
Calculate the greatest common factor of 6019663 and 61.
61
What is the highest common factor of 26992 and 8148?
28
Calculate the highest common factor of 6096748 and 805.
161
What is the highest common divisor of 84 and 15798916?
28
Calculate the highest common divisor of 64557625 and 275.
275
What is the highest common factor of 322374 and 416?
26
Calculate the highest common divisor of 95 and 10025806.
19
What is the highest common divisor of 2540147 and 467210?
2459
Calculate the highest common divisor of 124195858 and 62.
62
What is the highest common factor of 404 and 992252?
4
What is the highest common divisor of 25110 and 860560?
310
Calculate the greatest common divisor of 19057 and 21974963.
1121
Calculate the highest common divisor of 675 and 461075.
25
What is the highest common divisor of 56494325 and 1725?
575
What is the highest common divisor of 141094 and 226822?
1786
What is the greatest common divisor of 44788 and 320469337?
11197
Calculate the greatest common divisor of 520 and 24743030.
130
What is the highest common divisor of 9629307 and 32562?
1809
What is the highest common factor of 12962508 and 312?
156
Calculate the highest common factor of 321973670 and 5.
5
What is the highest common divisor of 4970 and 134330?
70
What is the highest common divisor of 91802973 and 1236?
309
What is the highest common factor of 1193177979 and 2646?
1323
Calculate the highest common divisor of 105427574 and 2618.
238
What is the highest common divisor of 73647100 and 340?
20
What is the highest common factor of 354 and 24975290?
118
What is the highest common divisor of 7719 and 323119?
83
What is the highest common divisor of 28614 and 3456?
6
Calculate the highest common divisor of 8814 and 145294383.
4407
Calculate the highest common divisor of 3498 and 724746.
66
What is the greatest common factor of 244801 and 922547?
1069
What is the highest common divisor of 132 and 39167326?
22
What is the highest common factor of 20790 and 9812?
22
What is the highest common divisor of 1944 and 79883820?
972
Calculate the highest common factor of 6832609 and 299341.
2009
Calculate the highest common factor of 15038827 and 139.
139
Calculate the highest common divisor of 848 and 151416548.
212
Calculate the highest common factor of 2914 and 678022.
94
Calculate the highest common divisor of 29013381 and 18.
9
What is the greatest common divisor of 17955 and 45163?
19
Calculate the highest common divisor of 48 and 6380728.
8
Calculate the highest common factor of 135 and 15699609.
27
Calculate the greatest common divisor of 14413087 and 754.
377
What is the highest common divisor of 189 and 3984057?
63
Calculate the highest common divisor of 12340956 and 3390.
678
What is the greatest common divisor of 8152 and 8072?
8
What is the highest common divisor of 1971 and 211043?
73
What is the highest common factor of 29979 and 33807?
3
Calculate the greatest common factor of 355 and 5394793.
71
What is the highest common factor of 4863573 and 21879?
1287
What is the highest common divisor of 89468685 and 15?
15
Calculate the highest common divisor of 1887125 and 29675.
25
What is the greatest common factor of 3740515880 and 15320?
15320
Calculate the greatest common divisor of 301 and 2835119.
301
What is the greatest common factor of 28013961 and 2166?
1083
What is the highest common factor of 37488908 and 221297?
5981
Calculate the greatest common factor of 77878 and 100188.
46
What is the highest common divisor of 14349 and 267216644?
4783
Calculate the greatest common divisor of 209603 and 7409.
239
What is the greatest common divisor of 948343910 and 470?
470
Calculate the greatest common divisor of 66773 and 32956.
7
Calculate the greatest common factor of 328824945 and 3015.
3015
What is the greatest common divisor of 1222794 and 396?
18
Calculate the greatest common divisor of 6112 and 5579683.
191
Calculate the greatest common divisor of 7648 and 7331564.
956
Calculate the highest common divisor of 6144 and 54933888.
384
What is the greatest common divisor of 1132 and 3312114272?
1132
What is the highest common divisor of 8748 and 832?
4
What is the highest common factor of 2212 and 282120692?
2212
What is the highest common factor of 12513 and 10105?
43
What is the greatest common factor of 25 and 2904455?
5
Calculate the highest common divisor of 89109205 and 275465.
7445
What is the greatest common factor of 28 and 2332636?
4
Calculate the highest common factor of 1537 and 374477.
29
What is the highest common divisor of 985708 and 36?
4
Calculate the highest common factor of 1161 and 1826936829.
1161
Calculate the highest common divisor of 1022 and 1646214094.
1022
What is the highest common divisor of 3763610 and 39530?
590
What is the greatest common factor of 1255 and 12306781?
251
What is the greatest common factor of 64 and 405524328?
8
Calculate the greatest common factor of 85474725 and 2669.
2669
What is the highest common factor of 15 and 38891280?
15
Calculate the highest common divisor of 281585923 and 163.
163
What is the greatest common factor of 56985399 and 6129?
2043
Calculate the highest common factor of 1980 and 797460.
60
Calculate the highest common divisor of 136305 and 170040.
195
Calculate the highest common factor of 72227295 and 2205.
315
What is the greatest common factor of 120 and 17672300?
20
What is the greatest common factor of 392970314 and 88?
22
Calculate the highest common divisor of 1332 and 4531020.
444
Calculate the greatest common factor of 141450287 and 451.
451
What is the greatest common factor of 13880 and 6728?
8
What is the greatest common divisor of 4077672 and 4544?
568
Calculate the greatest common factor of 1271610 and 994.
142
What is the greatest common divisor of 8730 and 144458802?
1746
What is the greatest common divisor of 40 and 1901565?
5
What is the highest common divisor of 348 and 429612?
12
Calculate the highest common factor of 236 and 23263228.
236
Calculate the highest common divisor of 67666 and 28566.
46
Calculate the greatest common factor of 4026 and 821.
1
What is the highest common factor of 64825658 and 85?
17
What is the highest common factor of 54 and 3869874?
18
What is the greatest common factor of 98167638 and 834?
834
Calculate the greatest common divisor of 396 and 807004.
44
What is the greatest common factor of 52 and 8058336?
52
What is the highest common divisor of 8805919 and 4098?
683
What is the greatest common divisor of 4251328 and 241816?
1448
Calculate the greatest common factor of 46451605 and 2.
1
What is the greatest common factor of 539712 and 112?
16
What is the greatest common divisor of 892146419 and 107?
107
What is the highest common divisor of 133 and 80915243?
19
Calculate the greatest common divisor of 3754 and 7262.
2
What is the highest common divisor of 66933028 and 6?
2
What is the highest common divisor of 5122464 and 96?
96
What is the highest common divisor of 2089981 and 797753?
6593
Calculate the highest common factor of 1128 and 120290484.
564
What is the highest common factor of 2193 and 576219522?
2193
Calculate the highest common factor of 45 and 137913903.
9
Calculate the highest common divisor of 14822818 and 298.
298
Calculate the highest common factor of 5350 and 275998475.
2675
What is the greatest common divisor of 4503 and 54178674?
237
What is the greatest common divisor of 609 and 37414437?
87
What is the highest common factor of 4072221 and 20304?
1269
What is the highest common factor of 45560 and 3634549?
1139
What is the greatest common factor of 2690577 and 15714?
81
Calculate the greatest common divisor of 219 and 13187523.
219
What is the greatest common divisor of 405 and 91181214?
81
Calculate the highest common factor of 174602 and 968129.
1303
Calculate the highest common factor of 1310103329 and 1069.
1069
Calculate the highest common factor of 527917 and 1